3*k.
2, 5
Suppose 4*l + 2*d = 42, 3*d - d - 12 = -l. What are the prime factors of l?
2, 5
Let g = -33 + 89. Suppose 5*m = 3*m - g. List the prime factors of (2/(-4))/(2/m).
7
What are the prime factors of (4 - (3 + -12)/(-3))*11?
11
Let a be (-30)/(-1) + 3*1. Suppose 3*v = 6*w - w + a, 2*v - 2*w = 26. What are the prime factors of v?
2
Let u be (4/(-5))/(2/(-10)). Suppose -45 = -u*q - 117. Let o = 30 + q. List the prime factors of o.
2, 3
Let f be 46/14 + (-4)/14. Suppose f*c = a + 11, -2*a - 3*a = -3*c + 31. List the prime factors of c.
2
What are the prime factors of (-3 - 1) + 163 + 0?
3, 53
Let j be 8/(-12) - (-40)/15. Suppose -m = -5*i + j*m + 123, 5*m = -i + 19. List the prime factors of i.
2, 3
What are the prime factors of (12/(-5))/(4/(-50))?
2, 3, 5
Suppose -2*c + 51 + 13 = 0. What are the prime factors of c?
2
Let m = 1 - 1. Suppose -n + 3*n = m. Suppose 5*v - 90 = -5*b, -2*b - 3*v - 2*v + 42 = n. List the prime factors of b.
2
Suppose 2*c = -3*i - 3*c + 25, -16 = 4*c. What are the prime factors of (-3)/i + (-405)/(-25)?
2
Let b(d) = -d**2 - 3 + d + 0 + 5*d. Let k be b(4). Suppose -u = k*r - 3, 10 = 5*u + 2*r - 28. List the prime factors of u.
2
Let s(u) be the third derivative of -u**6/120 + u**5/15 + u**4/12 - u**3/3 - 3*u**2. What are the prime factors of s(4)?
2, 3
Let r(g) = -2*g - 5. Let s be r(-1). Let a = -7 + 0. What are the prime factors of ((-6)/a)/(s/(-63))?
2, 3
Let g(b) = b**3 + 8*b**2 - 10*b - 7. Let y be g(-9). List the prime factors of 3*(y + (-46)/(-6)).
29
Let p(t) = -2*t**3 - 2*t**2 + 4*t + 1. Let u be (-1)/((-3)/(-18)*2). Let x be p(u). Let l = x + -15. List the prime factors of l.
2, 5
Suppose -5*m + 20 = 3*w, -4*w + 4*m + 4 = -12. Suppose 0 = -5*z - 5*k + 25, w*k + 47 = 4*z - 0*k. What are the prime factors of z?
2
Let m(v) = 8*v. Let s be m(1). Let l = 17 - s. What are the prime factors of l?
3
Let v = 17 - 29. Let w = 6 + v. Let s(n) = -n**2 - 9*n - 9. What are the prime factors of s(w)?
3
Suppose 2*i - 2 = 56. What are the prime factors of i?
29
Suppose -18 = -0*g - 2*g. What are the prime factors of 23/1 - (12 - g)?
2, 5
Let z(q) = -5*q - 4 + 4*q**3 + 2*q**3 + 3*q**2 - 5*q**3. Let g be z(-3). Suppose -3*y + 1 = -g. List the prime factors of y.
2
Let x = -194 - -275. List the prime factors of x.
3
Let j(z) = z**2 + 6*z + 3. Let d be 2/5*(17 - -3). Suppose d*r + 30 = 3*r. What are the prime factors of j(r)?
3
Suppose -2*r + 5*r = 42. Suppose -2*c + 0*c = -r. What are the prime factors of c?
7
Let a be 1*(186*1)/3. Suppose z = -z + a. What are the prime factors of z?
31
Let g(b) = -b + 2. Let s be g(-6). Suppose 4*o = s*o - 116. List the prime factors of o.
29
Let g(r) = -r**3 - 8*r**2 + 10*r + 12. Let p be g(-9). Suppose -t - 4*t + 147 = -p*l, -2*l - 118 = -4*t. What are the prime factors of t?
2, 3, 5
Suppose -p - 4*x + 86 = p, 4*x + 110 = 2*p. What are the prime factors of p?
7
Let m(d) = 3*d**2 - 2*d - 2. Suppose -2 = -5*o + 13. Suppose -2*g - 2 = 0, 3*x - o*g = -1 + 10. List the prime factors of m(x).
2, 3
Let d = 0 + 6. Let l(n) = n - 8. Let r be l(d). List the prime factors of 2 + r + 13 + -2.
11
Let f(u) = u**2 + 3*u - 18. List the prime factors of f(-12).
2, 3, 5
Suppose -4*z - 2*y = -19 + 5, 4 = -z - 2*y. Suppose -t - b + z = 0, -21 + 5 = -4*b. Suppose -t*h + 10 - 4 = 0. List the prime factors of h.
3
Let y(c) = -c**2 - 10*c - 13. Let b be y(-9). Let q be ((-11)/b + -1)*4. Suppose 0 = -i + 1 + q. What are the prime factors of i?
2
Suppose 9 + 1 = -5*y. List the prime factors of 10 + (-1 - y)*-3.
7
Let t = 191 + -136. What are the prime factors of t?
5, 11
Suppose 5*c - 37 - 327 = -4*t, -3*c = 4*t - 220. What are the prime factors of c?
2, 3
Let p = 3 + -6. Let a(c) = -1 + 0 - 2*c - 1 - 3*c. List the prime factors of a(p).
13
Let f(b) = -b**3 - 4*b**2 + 4*b - 4. Let q be f(-5). Let z be q/(-4) + 3/(-4). Let c = z - -4. List the prime factors of c.
3
Let q be (-6)/30 + (-26)/(-5). Suppose -2*t = -p + 4*p - 21, -p = q*t - 20. What are the prime factors of -2 + 33/t + 1?
2, 5
Let w(i) = -i - 4. Let q be w(-6). Suppose q*u + 0*u + 6 = 0. List the prime factors of (-35)/u + (-4)/(-12).
2, 3
Let w(h) = h + 4. Let y = -7 + 0. Let d be w(y). Let v = d - -14. What are the prime factors of v?
11
Let w = -1 + 1. Let g = w - -3. What are the prime factors of ((-4)/g)/((-10)/75)?
2, 5
Let m be (-3)/1*(-3 - 3). What are the prime factors of 4/18 - (-392)/m?
2, 11
Suppose 4*h + 7*k - 156 = 2*k, 4*h - 156 = -3*k. List the prime factors of h.
3, 13
Let f(p) be the third derivative of p**5/60 - p**4/4 - p**3/6 - p**2. List the prime factors of f(7).
2, 3
Suppose -138 = -2*u - 4*g + 3*g, 72 = u - g. What are the prime factors of u?
2, 5, 7
Suppose -2*n + 12 = u + 4*u, -4*n + 5*u + 54 = 0. List the prime factors of n.
11
Suppose -3*b = -2*r + 98, -3*r - 2*b + 35 = -2*r. List the prime factors of r.
43
Let a be (-6)/(-27) - 11/9. Let y = 3 - a. What are the prime factors of y?
2
Suppose -2*g - 2*x = 3*g - 19, -3*x = -6. Let w(o) = 2*o**2 + o**3 - g*o + 6*o**2 - 3*o**2. What are the prime factors of w(-5)?
3, 5
Suppose -u - 84 = -n, -u = -7*n + 3*n + 324. What are the prime factors of n?
2, 5
Let j(y) = 6*y + 4. What are the prime factors of j(3)?
2, 11
Let v = -93 + 138. What are the prime factors of v?
3, 5
Suppose q - 2 = 5*n, -7*n + 3*n = 2*q - 4. What are the prime factors of q?
2
Let c(a) = 10*a + 60. List the prime factors of c(10).
2, 5
Suppose -2*a - 21 = -111. What are the prime factors of a?
3, 5
Suppose -y - 4*a + 63 = 0, 297 = 4*y - 0*a + a. What are the prime factors of y?
3, 5
Suppose -5*m + 22 = -w, -3*w = -3*m + 9 - 3. Suppose 0 = 2*l - m*b + 1, -3*l = l + b - 9. Suppose o = l*o - 16. List the prime factors of o.
2
Suppose 9*c + 213 - 1158 = 0. List the prime factors of c.
3, 5, 7
Let k = -141 + 151. What are the prime factors of k?
2, 5
Let h = -512 - -984. List the prime factors of (-24)/108 - h/(-18).
2, 13
Let g(j) = j**3 - 32*j**2 + 10*j - 20. List the prime factors of g(32).
2, 3, 5
Suppose 6*j - 4*j = 112. What are the prime factors of j?
2, 7
Let z be (-1)/6 + 221/(-78). Suppose -12 = -l + 6. Let i = l + z. List the prime factors of i.
3, 5
Let v = -8 - -18. Let n = -2 - v. What are the prime factors of (-165)/(-12) + (-3)/n?
2, 7
What are the prime factors of -3 + (-1)/(5/(-330))?
3, 7
Suppose -36 = -3*n - v + 251, 3*v - 203 = -2*n. List the prime factors of n.
2, 47
Let q = 9 - 4. Suppose 0*t - 2*t + b + 18 = 0, q*b - 36 = -4*t. What are the prime factors of t?
3
Suppose -x - 186 = -3*u, 0*u + u - 3*x - 54 = 0. List the prime factors of u.
3, 7
Let z = -163 + 400. List the prime factors of z.
3, 79
Let r = 25 - 0. List the prime factors of r.
5
Let l = -4 + 7. Suppose -3*w = 5*a - 6*a + 11, 0 = -3*a + l*w + 15. Let r(h) = 3*h**2 + 2. List the prime factors of r(a).
2, 7
Let h = -2 - 0. Let v(c) = 2*c**2 + 3*c. Let d be v(h). Suppose -2*n = -2*y - 4, -3*y + n + d + 2 = 0. What are the prime factors of y?
3
Let d be (-8)/6*663/(-26). Let j(a) = a**2 - 4*a - 2. Let s be j(5). Suppose 5*f - d = s*f. List the prime factors of f.
17
Let j be 1 - (-3 - (4 - 3)). List the prime factors of (-2 + j - -7) + -2.
2
What are the prime factors of 195/(-2 - 52/(-20))?
5, 13
Suppose 9 = 3*v + 3*c - 9, 5*c = 5*v - 60. Let j be v/6*2 - -1. Suppose -j*k - d + 30 = 0, k = 5*k + 3*d - 34. What are the prime factors of k?
7
Suppose 5*b = 9*s - 4*s - 420, 249 = 3*s - 4*b. List the prime factors of s.
3, 29
Let f = -136 - -357. What are the prime factors of f?
13, 17
Suppose -4*n + 5*x = 1 + 4, -4*n - 2*x = -2. Let r be -17*(-1 + n)*1. Let i = r + -4. What are the prime factors of i?
13
Suppose 4*q = -2*j - 2*j - 8, q = 4*j - 7. Let d be (j - -2) + (0 - 1). Suppose -s - i - 8 = -6*i, 0 = -2*s + d*i + 8. List the prime factors of s.
7
List the prime factors of ((-223)/(-5))/(10/50).
223
Suppose 0 = 5*v - 0 - 20. Suppose 0 = 2*k - v*k + 6. List the prime factors of k.
3
Let g(b) = -b - 2. Let f be g(-3). Suppose f = -2*r - 1. What are the prime factors of (-6)/(-12)*(-12)/r?
2, 3
Let o(y) = y**2 + 5*y + 4. Let j be o(-4). Suppose 5*z - 2*z = 3*w + 6, -2*w + 31 = 5*z. Suppose i - z - 7 = j. What are the prime factors of i?
2, 3
List the prime factors of (-102)/(-4) - (-2)/4.
2, 13
Let h(i) = -i**3 - 27*i**2 + 25*i - 